{"version":"1.0","provider_name":"M\u00e1rmol de Alicante, Asociaci\u00f3n de la Comunidad Valenciana","provider_url":"https:\/\/marmoldealicante.com\/en\/","author_name":"Sergio Marco","author_url":"https:\/\/marmoldealicante.com\/en\/author\/sergio\/","title":"Labour relations - M\u00e1rmol de Alicante, Asociaci\u00f3n de la Comunidad Valenciana","type":"rich","width":600,"height":338,"html":"<blockquote class=\"wp-embedded-content\" data-secret=\"L9pis9A6fm\"><a href=\"https:\/\/marmoldealicante.com\/en\/labour-relations\/\">Labour relations<\/a><\/blockquote><iframe sandbox=\"allow-scripts\" security=\"restricted\" src=\"https:\/\/marmoldealicante.com\/en\/labour-relations\/embed\/#?secret=L9pis9A6fm\" width=\"600\" height=\"338\" title=\"&#8220;Labour relations&#8221; &#8212; M\u00e1rmol de Alicante, Asociaci\u00f3n de la Comunidad Valenciana\" data-secret=\"L9pis9A6fm\" frameborder=\"0\" marginwidth=\"0\" marginheight=\"0\" scrolling=\"no\" class=\"wp-embedded-content\"><\/iframe><script>\n\/*! This file is auto-generated *\/\n!function(d,l){\"use strict\";l.querySelector&&d.addEventListener&&\"undefined\"!=typeof URL&&(d.wp=d.wp||{},d.wp.receiveEmbedMessage||(d.wp.receiveEmbedMessage=function(e){var t=e.data;if((t||t.secret||t.message||t.value)&&!\/[^a-zA-Z0-9]\/.test(t.secret)){for(var s,r,n,a=l.querySelectorAll('iframe[data-secret=\"'+t.secret+'\"]'),o=l.querySelectorAll('blockquote[data-secret=\"'+t.secret+'\"]'),c=new RegExp(\"^https?:$\",\"i\"),i=0;i<o.length;i++)o[i].style.display=\"none\";for(i=0;i<a.length;i++)s=a[i],e.source===s.contentWindow&&(s.removeAttribute(\"style\"),\"height\"===t.message?(1e3<(r=parseInt(t.value,10))?r=1e3:~~r<200&&(r=200),s.height=r):\"link\"===t.message&&(r=new URL(s.getAttribute(\"src\")),n=new URL(t.value),c.test(n.protocol))&&n.host===r.host&&l.activeElement===s&&(d.top.location.href=t.value))}},d.addEventListener(\"message\",d.wp.receiveEmbedMessage,!1),l.addEventListener(\"DOMContentLoaded\",function(){for(var e,t,s=l.querySelectorAll(\"iframe.wp-embedded-content\"),r=0;r<s.length;r++)(t=(e=s[r]).getAttribute(\"data-secret\"))||(t=Math.random().toString(36).substring(2,12),e.src+=\"#?secret=\"+t,e.setAttribute(\"data-secret\",t)),e.contentWindow.postMessage({message:\"ready\",secret:t},\"*\")},!1)))}(window,document);\n<\/script>\n","description":"Partnering since 1977 LUN-VIE 9:00-13:00 965 606 420 PARTNER LOGIN LABOUR RELATIONS. area projects La Asociaci\u00f3n negocia hist\u00f3ricamente el Convenio Colectivo Provincial del sector. As\u00ed mismo, de forma anual se re\u00fane la Comisi\u00f3n Paritaria del Convenio Colectivo para la firma del ajuste de la jornada laboral. From M\u00e1rmol de Alicante, Asociaci\u00f3n de la Comunidad Valenciana [&hellip;]","thumbnail_url":"https:\/\/marmoldealicante.com\/wp-content\/uploads\/2021\/01\/BANNER-1-V2-1.jpg"}

Mármol de Alicante, Asociación de la Comunidad Valenciana

Labour relations - Mármol de Alicante, Asociación de la Comunidad Valenciana

<blockquote class="wp-embedded-content" data-secret="L9pis9A6fm"><a href="https://marmoldealicante.com/en/labour-relations/">Labour relations</a></blockquote><iframe sandbox="allow-scripts" security="restricted" src="https://marmoldealicante.com/en/labour-relations/embed/#?secret=L9pis9A6fm" width="600" height="338" title="&#8220;Labour relations&#8221; &#8212; Mármol de Alicante, Asociación de la Comunidad Valenciana" data-secret="L9pis9A6fm" frameborder="0" marginwidth="0" marginheight="0" scrolling="no" class="wp-embedded-content"></iframe><script>
/*! This file is auto-generated */
!function(d,l){"use strict";l.querySelector&&d.addEventListener&&"undefined"!=typeof URL&&(d.wp=d.wp||{},d.wp.receiveEmbedMessage||(d.wp.receiveEmbedMessage=function(e){var t=e.data;if((t||t.secret||t.message||t.value)&&!/[^a-zA-Z0-9]/.test(t.secret)){for(var s,r,n,a=l.querySelectorAll('iframe[data-secret="'+t.secret+'"]'),o=l.querySelectorAll('blockquote[data-secret="'+t.secret+'"]'),c=new RegExp("^https?:$","i"),i=0;i<o.length;i++)o[i].style.display="none";for(i=0;i<a.length;i++)s=a[i],e.source===s.contentWindow&&(s.removeAttribute("style"),"height"===t.message?(1e3<(r=parseInt(t.value,10))?r=1e3:~~r<200&&(r=200),s.height=r):"link"===t.message&&(r=new URL(s.getAttribute("src")),n=new URL(t.value),c.test(n.protocol))&&n.host===r.host&&l.activeElement===s&&(d.top.location.href=t.value))}},d.addEventListener("message",d.wp.receiveEmbedMessage,!1),l.addEventListener("DOMContentLoaded",function(){for(var e,t,s=l.querySelectorAll("iframe.wp-embedded-content"),r=0;r<s.length;r++)(t=(e=s[r]).getAttribute("data-secret"))||(t=Math.random().toString(36).substring(2,12),e.src+="#?secret="+t,e.setAttribute("data-secret",t)),e.contentWindow.postMessage({message:"ready",secret:t},"*")},!1)))}(window,document);
</script>

Partnering since 1977 LUN-VIE 9:00-13:00 965 606 420 PARTNER LOGIN LABOUR RELATIONS. area projects La Asociación negocia históricamente el Convenio Colectivo Provincial del sector. Así mismo, de forma anual se reúne la Comisión Paritaria del Convenio Colectivo para la firma del ajuste de la jornada laboral. From Mármol de Alicante, Asociación de la Comunidad Valenciana [&hellip;]
